*d - 1078, 2*s + 3*d = 199 + 242. Calculate the greatest common factor of 14910 and s.
210
Let k be (-1 - 8/(-3)) + (-227)/(-681). Let n(s) = s**2 - 3*s - 4. Let h be n(4). Suppose 0 = k*r - h*r - 902. What is the highest common factor of r and 41?
41
Suppose -z = 4*j - 8686, -2302 + 144 = -j + 2*z. What is the highest common divisor of 70 and j?
70
Let m(k) = -10*k + 161. Let i be m(-21). Calculate the highest common factor of i and 901.
53
Let t be (-2)/7 + (-710)/14. Let i = -35 - t. Let z be (40/25)/((-4)/(-14) - (-60)/(-700)). What is the highest common divisor of i and z?
8
Suppose 4*o - 3*k = 2701 - 955, -6*k = -2*o + 882. Let n = 3 - -12. Calculate the greatest common divisor of n and o.
15
Let z be (35 + -35 - 3*-6) + 10. Calculate the highest common divisor of 3766 and z.
14
Suppose -33*v + 37*v = -u + 1, 0 = -u - 3*v + 2. What is the highest common divisor of 799 and u?
1
Let d be (-63610)/(-90) - (-1 + 21/27). Let q = 1682 - d. Calculate the greatest common divisor of 75 and q.
75
Let q = 209 - 149. Let v = 53 - q. Let c be (-63)/v - (-2)/((-4)/(-6)). Calculate the highest common factor of c and 6.
6
Suppose 5*s = -3*z + 1615, 37*z - 33*z - 2200 = 5*s. Calculate the greatest common divisor of 3488 and z.
109
Let q(h) = -h**3 + 48*h**2 - 61*h + 946. Let d be q(47). Calculate the greatest common factor of 2232 and d.
72
Let z(w) = 1 + 2 - 410*w + 412*w + 47*w**2. Let m be z(-3). Calculate the highest common divisor of 60 and m.
60
Suppose -65*w + 12264 - 4168 = 27*w. What is the highest common divisor of w and 8?
8
Let r be (-31)/(-3) - (18/54 + 1). Let d be 7 + (r - 9) + 420. What is the greatest common factor of d and 244?
61
Let f = 101 + -97. Let h be -10*(3 + (-14)/f). Suppose w + h = 35. Calculate the highest common factor of 10 and w.
10
Let l(u) = -4*u**3 + 91*u**2 + 27*u + 13. Let y be l(23). Suppose -3*c + 6*c = 5*g - y, -4*c = g + 2. What is the highest common divisor of g and 96?
6
Suppose -4*l = -j - 115, -l + 16*j + 10 = 12*j. What is the greatest common factor of l and 19095?
15
Suppose 0*l + 2*l + 4 = -4*p, 2*l + 2*p = 0. Suppose 7*w + l*w = 783. Let m = w + -63. Calculate the highest common divisor of 48 and m.
24
Suppose 87*p - 137245 = -299*p + 1763033. What is the greatest common factor of 18 and p?
9
Suppose 379 = -2*t + 85. Let j = t - -203. Calculate the highest common divisor of 21 and j.
7
Let r be ((7 - -1) + -29)/(-3) + 1226. Calculate the greatest common factor of r and 54.
9
Suppose -v - 5*a = -6*v + 6375, -4*a = v - 1300. Calculate the greatest common divisor of 16 and v.
16
Let x(u) = 261*u - 3075. Let l be x(15). Calculate the highest common factor of 456 and l.
24
Suppose 246 = 42*c - 500 - 52. What is the greatest common factor of c and 5149?
19
Let w be (5*18)/((18/(-81))/(-2)). What is the greatest common factor of 24 and w?
6
Let s be ((-66)/10)/(7/(-105)). Let q = -221 + 287. What is the greatest common divisor of s and q?
33
Let h(w) = -w**2 + 7*w + 11. Let c be h(8). Suppose c*m - 36 = 7*m. Let p be (m - (0 - 3))/(8/(-36)). What is the highest common factor of p and 3?
3
Let x(l) = 8*l + 18 - 9*l**2 - 6*l**2 + 24*l**2 - 8*l**2. Let v be x(-5). Calculate the highest common divisor of 93 and v.
3
Let h(j) = -j**3 - 9*j**2 - 8*j + 40. Let q(t) = -2*t. Let r(v) = h(v) - 2*q(v). Let g be r(-8). What is the highest common factor of g and 2?
2
Let l(t) = 181*t - 520. Let x be l(4). Calculate the highest common factor of x and 459.
51
Suppose 13*o + 3*o + 288 = 0. Let v be o/1*50/(-15). Calculate the greatest common factor of v and 12.
12
Let t be ((-342)/45 - -8)*20. Suppose -t*h + 1764 = 34*h. What is the highest common divisor of h and 126?
42
Let r(f) = 4*f**2 - 491*f - 4157. Let y be r(-8). Let o(h) = -112*h + 1. Let b be o(-2). What is the greatest common divisor of y and b?
9
Let r = -253 + 409. Let j be ((-48)/(-36))/((-1)/(-52))*3. Calculate the highest common divisor of r and j.
52
Let w be 108/135*(-16850)/(-8). What is the highest common factor of w and 10447?
337
Let a(n) = n**3 - 14*n**2 - 32*n + 162. Let j be a(18). Calculate the highest common divisor of 231 and j.
21
Suppose 102 = 4*u + 2*z - 282, 0 = -5*u + 3*z + 502. Let d be 28/u + 906/14. Suppose -8*t + 0*t = -104. What is the greatest common factor of d and t?
13
Let k = -540 + 1182. Calculate the greatest common factor of k and 428.
214
Let g(x) = 39*x + 10. Let n = -104 - -108. Suppose -m + n = m. Let u be g(m). What is the highest common factor of u and 11?
11
Let o be (4 - (-638)/(-77))/(5/(-70)). Calculate the highest common divisor of o and 5860.
20
Let w = -698 + 1154. Suppose 471 = 16*q + 87. Calculate the highest common factor of w and q.
24
Let t = 3475 - 2234. Calculate the highest common factor of 365 and t.
73
Suppose -143*d + 140*d + 651 = 0. Let y = 259 - d. Suppose -2*o + 35 = 3*o. What is the highest common factor of y and o?
7
Suppose -6*l + 3*l + 172 + 134 = 0. Calculate the greatest common divisor of l and 4080.
102
Let c be (2 - 1) + 158 + 35. Let q = 222 - c. What is the greatest common factor of 238 and q?
14
Let q(w) = -23*w**2 + 288*w - 14. Let v be q(12). Calculate the greatest common divisor of 858 and v.
26
Let b(l) = -l**3 + 17*l**2 + 11*l + 3. Let i be b(20). Let f = -522 - i. Calculate the greatest common divisor of 130 and f.
65
Suppose -83*i + 129*i - 72*i = -156. Suppose 3*w = -w - 28. Let h = w + 9. Calculate the greatest common factor of h and i.
2
Let p = 393 + -294. Calculate the highest common divisor of 33 and p.
33
Let k = 5393 + -5377. Let n = 361 + 31. Calculate the greatest common factor of n and k.
8
Let z = -19012 - -27888. Calculate the greatest common factor of z and 28.
28
Let z(y) = -228*y - 324. Let u be z(-2). What is the highest common divisor of 5874 and u?
66
Suppose -19*n + 15*n = -m - 696, 0 = -2*n - m + 348. Calculate the highest common factor of 234 and n.
6
Suppose 7*m = 3*m + 20. Suppose 5*n = -4*i + 8, -4*i + 0*n = -m*n - 8. Suppose 105 = i*w + 27. Calculate the greatest common factor of w and 26.
13
Let j be (-14)/4*200/(-70). Suppose 28*u - j*u - 540 = 0. Calculate the greatest common divisor of 135 and u.
15
Suppose 0 = v - 58 + 20. Let z = v - 6. Suppose 104*t = 102*t + 48. Calculate the highest common divisor of z and t.
8
Let t(p) = p**3 - 4*p**2 + 8*p - 5. Let y be t(2). Suppose 0 = -j - 2*x + 15, -y*j + 8*j + 2*x - 35 = 0. Calculate the highest common factor of 145 and j.
5
Suppose -126468 = -42*p + 63737 + 113371. Calculate the highest common factor of p and 52.
52
Suppose -4*f + 4 = -12, -3*y + 916 = -2*f. Let v = y + -304. What is the highest common divisor of v and 46?
2
Suppose 6*q - 17633 = -10721. Calculate the greatest common divisor of 99 and q.
9
Suppose -o + 8 + 22 = 0. Let r(u) = -56*u - 582. Let h be r(-12). Calculate the greatest common factor of h and o.
30
Suppose 24 = 4*u - 7*u. Let g be 2/((80/75)/u). Let s be (-5 - -60)*(-18)/g. What is the greatest common divisor of s and 6?
6
Suppose -4753 + 19173 = 515*u. Let o be 4*(245/2)/5. Calculate the highest common factor of u and o.
14
Suppose 105*k + 7165 - 14510 = 9455. Let t be -3*(5/(-3) + 0). What is the highest common divisor of k and t?
5
Suppose -98*g - 560 = -105*g. What is the highest common factor of 115 and g?
5
Let n be 84/10 - (416/40 + -10). Let p(f) = -f**3 + 5*f**2 + 27*f + 2. Let i be p(n). What is the highest common divisor of i and 4?
2
Let s be (-847)/(-33) - 1/(-3). Suppose 2*h + 196 - s = 0. Let w = h + 89. What is the highest common factor of 92 and w?
4
Let b = -219221 + 219721. Let g(t) = 2*t**3 - 8*t**2 + 2*t - 8. Let i be g(7). Calculate the highest common factor of i and b.
100
Let k = 3645 - 3271. Calculate the highest common factor of 528 and k.
22
Suppose z = -0*z, -3*z - 2610 = 3*r. Let j be 3/(30/(-8))*r/29. Suppose 5*o - q - 302 = 0, 3*q + 87 + 39 = 2*o. Calculate the highest common divisor of j and o.
12
Let t(f) be the first derivative of -f**4/4 + 11*f**3/3 + 16*f**2 - 57*f - 89. Let s be t(13). What is the greatest common factor of 329 and s?
7
Suppose 90*t + 5185 - 13927 = 5658. Let p(a) = 113*a - 5. Let w be p(5). What is the highest common divisor of t and w?
80
Suppose 5*a + 16627 = 4*z, -3*z - 2*a - 646 + 13145 = 0. What is the greatest common factor 